 - 848. Calculate f(10).
-328
Let w(h) = -32*h**2 + 545*h - 1927. What is w(5)?
-2
Let f(m) = -4*m**3 + 13*m**2 - 68*m + 604. Determine f(9).
-1871
Let x(u) = 8101*u - 186502. Determine x(23).
-179
Let j(i) = 43*i**2 - 1271*i + 1271. Give j(1).
43
Let d(x) = 65366*x + 326820. Calculate d(-5).
-10
Let f(r) = -82*r**2 + 27399*r - 3648. Give f(334).
26
Let j(x) = x**2 + 1796*x - 1307727. Give j(556).
-15
Let x(m) = -5*m**3 - 129*m**2 - 13*m - 16. What is x(-26)?
998
Let b(w) = 15*w**3 - 37*w**2 + 233*w - 80. Determine b(7).
4883
Let n(k) = k**3 - 9*k**2 - 6*k + 176. Calculate n(10).
216
Let k(z) = -16*z**3 + 2494*z**2 - 4615*z - 765. What is k(154)?
5
Let x(f) = -3*f**3 - 26*f**2 - 562*f - 4323. Calculate x(-8).
45
Let b(f) = -f**3 + 52*f**2 + 324*f - 9. Determine b(-6).
135
Let s(m) = -7*m**2 + 369*m + 4509. Calculate s(63).
-27
Let n(v) = -2*v**3 + 40*v**2 + 5636*v - 253. Calculate n(64).
3
Let k(v) = 77300*v - 77311. Calculate k(1).
-11
Let t(x) = 31*x**2 + 8129*x + 40647. Calculate t(-5).
777
Let a(c) = 54*c - 1261. Give a(23).
-19
Let a(p) = -845*p + 144965. Give a(169).
2160
Let z(y) = 28*y**2 + 123*y - 77. Determine z(-8).
731
Let g(h) = -31*h**2 + 4049*h + 27296. Calculate g(137).
170
Let v(w) = -48683*w - 2093359. Calculate v(-43).
10
Let t(u) = -8140*u + 4460727. Give t(548).
7
Let g(z) = 17*z**2 - 2080*z - 7241. Give g(126).
571
Let t(b) = b**2 - 797*b + 38121. Determine t(51).
75
Let t(d) = -5*d**2 - 18*d + 8319. Determine t(-42).
255
Let f(c) = 2*c**3 + 3*c**2 + 34*c + 117. Determine f(0).
117
Let b(c) = -c**3 - 443*c**2 + 112*c + 49599. Calculate b(-443).
-17
Let q(k) = -96171*k - 769362. Give q(-8).
6
Let y(x) = -10*x**2 + 96*x - 612. Calculate y(6).
-396
Let v(n) = 4*n**3 - 60*n**2 + 238*n - 2659. Give v(14).
-111
Let x(m) = -10071*m - 1983992. Calculate x(-197).
-5
Let p(y) = -16*y**3 - 122*y**2 - 809*y + 15. Give p(-6).
3933
Let l(z) = z**3 - 11*z**2 + 310*z - 2772. What is l(10)?
228
Let c(k) = 32*k**2 + 3904*k - 7800. What is c(2)?
136
Let u(c) = -c**3 - 10*c**2 - 22*c - 402. Determine u(0).
-402
Let l(o) = 98*o + 1888. Determine l(-11).
810
Let c(i) = -1649*i - 2759. Give c(-2).
539
Let w(p) = -p**3 - 148*p**2 + 4928*p - 20. Determine w(-176).
-20
Let p(t) = -t**2 - 176*t + 2107. What is p(-188)?
-149
Let b(q) = 2932*q + 401082. Give b(-137).
-602
Let g(a) = -19*a**2 + 228*a + 386. Determine g(13).
139
Let y(p) = 62*p**2 + 784*p + 146. Give y(-12).
-334
Let y(n) = -5625*n + 45509. Determine y(8).
509
Let p(k) = 51259*k - 10508101. Determine p(205).
-6
Let y(z) = -55*z**2 + 370*z - 614. Determine y(4).
-14
Let f(z) = -2*z**2 - 147*z - 1407. What is f(-10)?
-137
Let v(u) = 47*u**3 + 22231*u**2 - 13*u - 6142. What is v(-473)?
7
Let h(s) = -890*s + 13495. What is h(17)?
-1635
Let b(x) = 2*x**3 + 2547*x**2 + 12654*x - 127. Give b(-5).
28
Let l(f) = 45*f - 3296. Give l(92).
844
Let x(t) = -29354*t + 3581194. Give x(122).
6
Let f(s) = 2*s**3 - 50*s**2 + 313*s - 130. Calculate f(13).
-117
Let h(p) = -p**3 + 61*p**2 - 360*p - 643. Calculate h(55).
-2293
Let j(a) = a**3 - 20*a**2 - 220*a + 58. Calculate j(28).
170
Let h(j) = 5919*j + 112612. What is h(-19)?
151
Let f(m) = 319324*m - 10218359. What is f(32)?
9
Let r(m) = -2*m**3 - 368*m**2 + 389*m + 2566. Determine r(-185).
-949
Let p(l) = 5*l**2 + 326*l + 161. What is p(-65)?
96
Let n(h) = -2*h**2 - 2044*h - 485260. Determine n(-647).
-10
Let m(q) = -2*q**3 - 27*q**2 - 83*q - 241. Determine m(-16).
2367
Let k(n) = 7834*n + 6322069. What is k(-807)?
31
Let u(l) = l**2 + 257*l - 135288. Calculate u(261).
-90
Let g(q) = -4981*q - 866717. What is g(-174)?
-23
Let i(u) = -11*u**3 - 2456*u**2 - 688*u - 4267. Determine i(-223).
-30
Let b(o) = 8*o**3 - 81*o**2 + 39*o - 284. Give b(10).
6
Let o(z) = -50632*z - 1265798. Calculate o(-25).
2
Let r(h) = -89258*h + 714092. Determine r(8).
28
Let q(f) = 4*f**2 - 1648*f - 36381. Calculate q(-21).
-9
Let l(p) = 33057*p + 2313992. What is l(-70)?
2
Let z(c) = -983*c**2 + 35393*c - 179. What is z(36)?
1
Let q(f) = -f**3 + 458*f**2 - 11635*f - 1127. Give q(431).
-265
Let p(z) = -5060260*z + 40482077. Calculate p(8).
-3
Let z(q) = -126*q**2 + 7654*q + 1987. What is z(61)?
35
Let z(i) = -284*i - 6279. What is z(-22)?
-31
Let q(p) = -7070*p + 3626906. Give q(513).
-4
Let k(a) = a**2 + 245*a - 2089. Calculate k(8).
-65
Let d(s) = -553*s**3 + 32*s**2 + 38*s + 2. Calculate d(-1).
549
Let k(n) = 3*n**3 - 37*n**2 - 11*n - 194. Calculate k(13).
1
Let c(k) = 1311*k + 81290. Determine c(-62).
8
Let u(d) = 16099*d - 112374. Give u(7).
319
Let q(u) = -u**3 + 21*u**2 - 284*u + 685. What is q(3)?
-5
Let i(q) = 40704*q + 406996. What is i(-10)?
-44
Let r(d) = -d**3 + 87*d**2 + 1907*d - 1782. Give r(105).
3
Let n(k) = -35266*k + 282179. Determine n(8).
51
Let g(o) = -4609*o - 9273. What is g(-2)?
-55
Let j(a) = 2*a**3 - 2297*a**2 + 12576*a - 3429. Calculate j(1143).
0
Let q(m) = 4*m**3 - 791*m**2 + 4599*m + 22. Calculate q(6).
4
Let f(u) = -u**2 - 188*u - 5958. Calculate f(-149).
-147
Let d(s) = 253*s**2 + 39*s + 87. Calculate d(-2).
1021
Let x(g) = -222*g**2 + 62*g + 69. Give x(-1).
-215
Let s(l) = -2*l**2 - 227*l + 2. What is s(-114)?
-112
Let c(r) = -r**3 - 89*r**2 - 165*r + 861. Calculate c(-87).
78
Let x(v) = -15*v**2 - 6*v + 267. Calculate x(10).
-1293
Let o(z) = 21*z**2 + 4019*z + 48269. Determine o(-12).
3065
Let o(r) = 3280*r - 14731. Give o(4).
-1611
Let r(s) = -18*s**2 + 1310*s - 14659. Determine r(11).
-2427
Let g(f) = f**3 + 61*f**2 + 2700*f + 146414. Determine g(-58).
-94
Let s(v) = 147*v + 885. Calculate s(-4).
297
Let d(g) = 519*g**2 - 267*g + 796. What is d(3)?
4666
Let o(q) = -10*q**3 + 374*q**2 - 128*q - 734. What is o(37)?
6
Let q(p) = -13*p**2 - 146*p - 405. What is q(-25)?
-4880
Let o(r) = r**3 + 20*r**2 - 44*r - 1482. Give o(-18).
-42
Let z(j) = 10032*j - 80407. Give z(8).
-151
Let p(z) = 75*z + 3423. Give p(-53).
-552
Let d(n) = -555753*n - 1667255. Give d(-3).
4
Let s(q) = -16902*q + 33540. Determine s(2).
-264
Let t(l) = -l**2 - 5253*l + 1830566. Calculate t(328).
-2
Let k(x) = 4495*x + 13336. Give k(-3).
-149
Let u(d) = 604*d - 147916. Determine u(245).
64
Let h(g) = g**3 - 3*g**2 - 254*g - 336. Give h(18).
-48
Let h(t) = t**3 + 66*t**2 - 109*t + 432. Give h(-68).
-1404
Let s(i) = i**3 - 55*i**2 + 755*i - 62. Determine s(31).
279
Let r(v) = v**3 - 38*v**2 - 141*v + 3997. Determine r(39).
19
Let y(t) = 173*t - 1721. What is y(8)?
-337
Let x(d) = d**3 - 32*d**2 + 109*d + 1064. Determine x(26).
-158
Let u(a) = -26*a + 5145. Determine u(158).
1037
Let r(h) = 323194*h - 30703438. Give r(95).
-8
Let q(v) = 2*v**3 + 140*v**2 - 2546*v + 342. Give q(-85).
2
Let v(h) = 812491*h - 6499938. What is v(8)?
-10
Let n(x) = -328*x - 1260. What is n(-4)?
52
Let w(b) = 25*b**3 - 250*b**2 - 103*b + 1114. Calculate w(10).
84
Let s(v) = -3*v**3 - 19*v**2 + 638*v - 2226. Calculate s(4).
-170
Let j(l) = -2*l**3 - 99*l**2 + 650*l - 364. Calculate j(6).
-460
Let o(u) = 375*u + 189392. Calculate o(-505).
17
Let l(r) = 18*r**2 - 2273*r - 305. Give l(126).
-935
Let a(p) = -p**3 - 22*p**2 - 16*p + 1034. Determine a(-19).
255
Let n(s) = -471*s - 28594. Calculate n(-61).
137
Let v(c) = -2*c**3 - 194*c**2 + 388*c - 942. Give v(-99).
-150
Let j(f) = -632*f - 30246. What is j(-48)?
90
Let q(a) = 4542*a + 18357. Calculate q(-4).
189
Let v(u) = 315*u + 22371. Calculate v(-72).
-309
Let v(g) = -5*g**2 + 1085*g - 18805. Give v(19).
5
Let y(g) = g**3 + 515*g**2 + 10382*g + 3948. Determine y(-494).
-4
Let u(j) = j**3 - 138*j**2 - 1982*j + 100. Give u(-13).
347
Let a(j) = -j**3 - 593*j**2 + 1182*j - 4773. Determine a(-595).
-13
Let o(i) = -i**3 - 90*i**2 - 347*i + 282. Give o(-86).
540
Let h(o) = -o**3 + 35*o**2 - 1044*o + 2849. Give h(3).
5
Let i(k) = -51317*k - 8467289. Calculate i(-165).
16
Let v(u) = -49*u**2 + 386*u - 1567. Calculate v(4).
-807
Let o(k) = -12*k**3 - 51*k**2 + 7*k + 37. Give o(-3).
-119
Let v(c) = -3*c**3 - 167*c**2 - 124*c - 10123. Calculate v(-56).
-43
Let y(a) = -25442*a + 508813. Calculate y(20).
-27
Let k(c) = 17*c**2 - 142*c - 426. What is k(-3)?
153
Let y(h) = -92*h**2 + 2396*h - 12005. What is y(5)?
-2325
Let d(v) = v**2 - 51276*v - 358924. Determine d(-7).
57
Let p(t) = -2189*t - 1313401. Give p(-600).
-1
Let k(z) = z**2 - 194422*z - 6417019. Determine